Last updated on 2022-04-24 03:52:39 CEST.
Flavor | Version | Tinstall | Tcheck | Ttotal | Status | Flags |
---|---|---|---|---|---|---|
r-devel-linux-x86_64-debian-clang | 2.5 | 5.20 | 44.34 | 49.54 | NOTE | |
r-devel-linux-x86_64-debian-gcc | 2.5 | 4.94 | 34.82 | 39.76 | NOTE | |
r-devel-linux-x86_64-fedora-clang | 2.5 | 60.22 | NOTE | |||
r-devel-linux-x86_64-fedora-gcc | 2.5 | 49.26 | NOTE | |||
r-patched-linux-x86_64 | 2.5 | 5.46 | 41.60 | 47.06 | NOTE | |
r-release-linux-x86_64 | 2.5 | 5.13 | 42.32 | 47.45 | NOTE | |
r-release-macos-arm64 | 2.5 | NOTE | ||||
r-release-macos-x86_64 | 2.5 | NOTE | ||||
r-release-windows-x86_64 | 2.5 | 21.00 | 69.00 | 90.00 | NOTE | |
r-oldrel-macos-arm64 | 2.5 | NOTE | ||||
r-oldrel-macos-x86_64 | 2.5 | NOTE | ||||
r-oldrel-windows-ix86+x86_64 | 2.5 | 14.00 | 56.00 | 70.00 | NOTE |
Version: 2.5
Check: DESCRIPTION meta-information
Result: NOTE
Malformed Description field: should contain one or more complete sentences.
Flavors: r-devel-linux-x86_64-debian-clang, r-devel-linux-x86_64-debian-gcc, r-devel-linux-x86_64-fedora-clang, r-devel-linux-x86_64-fedora-gcc, r-patched-linux-x86_64, r-release-linux-x86_64, r-release-macos-arm64, r-release-macos-x86_64, r-release-windows-x86_64, r-oldrel-macos-arm64, r-oldrel-macos-x86_64, r-oldrel-windows-ix86+x86_64
Version: 2.5
Check: compiled code
Result: NOTE
File ‘sparseSEM/libs/sparseSEM.so’:
Found no calls to: ‘R_registerRoutines’, ‘R_useDynamicSymbols’
It is good practice to register native routines and to disable symbol
search.
See ‘Writing portable packages’ in the ‘Writing R Extensions’ manual.
Flavors: r-devel-linux-x86_64-fedora-clang, r-devel-linux-x86_64-fedora-gcc