Last updated on 2022-04-24 03:52:39 CEST.
Flavor | Version | Tinstall | Tcheck | Ttotal | Status | Flags |
---|---|---|---|---|---|---|
r-devel-linux-x86_64-debian-clang | 0.1.3 | 28.71 | 100.62 | 129.33 | NOTE | |
r-devel-linux-x86_64-debian-gcc | 0.1.3 | 21.91 | 74.05 | 95.96 | NOTE | |
r-devel-linux-x86_64-fedora-clang | 0.1.3 | 160.05 | NOTE | |||
r-devel-linux-x86_64-fedora-gcc | 0.1.3 | 142.55 | NOTE | |||
r-patched-linux-x86_64 | 0.1.3 | 22.21 | 96.46 | 118.67 | NOTE | |
r-release-linux-x86_64 | 0.1.3 | 23.85 | 88.07 | 111.92 | NOTE | |
r-release-macos-arm64 | 0.1.3 | NOTE | ||||
r-release-macos-x86_64 | 0.1.3 | NOTE | ||||
r-release-windows-x86_64 | 0.1.3 | 45.00 | 130.00 | 175.00 | NOTE | |
r-oldrel-macos-arm64 | 0.1.3 | NOTE | ||||
r-oldrel-macos-x86_64 | 0.1.3 | NOTE | ||||
r-oldrel-windows-ix86+x86_64 | 0.1.3 | 70.00 | 146.00 | 216.00 | NOTE |
Version: 0.1.3
Check: LazyData
Result: NOTE
'LazyData' is specified without a 'data' directory
Flavors: r-devel-linux-x86_64-debian-clang, r-devel-linux-x86_64-debian-gcc, r-devel-linux-x86_64-fedora-clang, r-devel-linux-x86_64-fedora-gcc, r-patched-linux-x86_64, r-release-linux-x86_64, r-release-macos-arm64, r-release-macos-x86_64, r-release-windows-x86_64, r-oldrel-macos-arm64, r-oldrel-macos-x86_64, r-oldrel-windows-ix86+x86_64