Last updated on 2022-04-24 03:52:39 CEST.
Flavor | Version | Tinstall | Tcheck | Ttotal | Status | Flags |
---|---|---|---|---|---|---|
r-devel-linux-x86_64-debian-clang | 0.1.2 | 9.02 | 74.37 | 83.39 | NOTE | |
r-devel-linux-x86_64-debian-gcc | 0.1.2 | 6.26 | 55.05 | 61.31 | NOTE | |
r-devel-linux-x86_64-fedora-clang | 0.1.2 | 95.68 | NOTE | |||
r-devel-linux-x86_64-fedora-gcc | 0.1.2 | 84.37 | NOTE | |||
r-patched-linux-x86_64 | 0.1.2 | 5.78 | 70.78 | 76.56 | NOTE | |
r-release-linux-x86_64 | 0.1.2 | 6.69 | 66.54 | 73.23 | NOTE | |
r-release-macos-arm64 | 0.1.2 | NOTE | ||||
r-release-macos-x86_64 | 0.1.2 | NOTE | ||||
r-release-windows-x86_64 | 0.1.2 | 18.00 | 87.00 | 105.00 | NOTE | |
r-oldrel-macos-arm64 | 0.1.2 | NOTE | ||||
r-oldrel-macos-x86_64 | 0.1.2 | NOTE | ||||
r-oldrel-windows-ix86+x86_64 | 0.1.2 | 15.00 | 75.00 | 90.00 | NOTE |
Version: 0.1.2
Check: LazyData
Result: NOTE
'LazyData' is specified without a 'data' directory
Flavors: r-devel-linux-x86_64-debian-clang, r-devel-linux-x86_64-debian-gcc, r-devel-linux-x86_64-fedora-clang, r-devel-linux-x86_64-fedora-gcc, r-patched-linux-x86_64, r-release-linux-x86_64, r-release-macos-arm64, r-release-macos-x86_64, r-release-windows-x86_64, r-oldrel-macos-arm64, r-oldrel-macos-x86_64, r-oldrel-windows-ix86+x86_64