Last updated on 2022-04-24 03:52:39 CEST.
Flavor | Version | Tinstall | Tcheck | Ttotal | Status | Flags |
---|---|---|---|---|---|---|
r-devel-linux-x86_64-debian-clang | 1.2 | 80.53 | 146.49 | 227.02 | OK | |
r-devel-linux-x86_64-debian-gcc | 1.2 | 64.19 | 106.14 | 170.33 | OK | |
r-devel-linux-x86_64-fedora-clang | 1.2 | 300.68 | NOTE | |||
r-devel-linux-x86_64-fedora-gcc | 1.2 | 2.78 | ERROR | |||
r-patched-linux-x86_64 | 1.2 | 74.53 | 131.87 | 206.40 | OK | |
r-release-linux-x86_64 | 1.2 | 61.50 | 125.68 | 187.18 | OK | |
r-release-macos-arm64 | 1.2 | OK | ||||
r-release-macos-x86_64 | 1.2 | OK | ||||
r-release-windows-x86_64 | 1.2 | 66.00 | 170.00 | 236.00 | OK | |
r-oldrel-macos-arm64 | 1.2 | OK | ||||
r-oldrel-macos-x86_64 | 1.2 | OK | ||||
r-oldrel-windows-ix86+x86_64 | 1.2 | 177.00 | 203.00 | 380.00 | OK |
Version: 1.2
Check: compiled code
Result: NOTE
File ‘sparsereg/libs/sparsereg.so’:
Found no calls to: ‘R_registerRoutines’, ‘R_useDynamicSymbols’
It is good practice to register native routines and to disable symbol
search.
See ‘Writing portable packages’ in the ‘Writing R Extensions’ manual.
Flavor: r-devel-linux-x86_64-fedora-clang
Version: 1.2
Check: package dependencies
Result: ERROR
Package required but not available: ‘GIGrvg’
See section ‘The DESCRIPTION file’ in the ‘Writing R Extensions’
manual.
Flavor: r-devel-linux-x86_64-fedora-gcc