Last updated on 2022-04-24 03:52:39 CEST.
Flavor | Version | Tinstall | Tcheck | Ttotal | Status | Flags |
---|---|---|---|---|---|---|
r-devel-linux-x86_64-debian-clang | 0.2 | 9.58 | 94.53 | 104.11 | NOTE | |
r-devel-linux-x86_64-debian-gcc | 0.2 | 7.81 | 73.31 | 81.12 | NOTE | |
r-devel-linux-x86_64-fedora-clang | 0.2 | 123.31 | NOTE | |||
r-devel-linux-x86_64-fedora-gcc | 0.2 | 113.34 | NOTE | |||
r-patched-linux-x86_64 | 0.2 | 8.84 | 90.51 | 99.35 | NOTE | |
r-release-linux-x86_64 | 0.2 | 8.88 | 87.28 | 96.16 | NOTE | |
r-release-macos-arm64 | 0.2 | NOTE | ||||
r-release-macos-x86_64 | 0.2 | NOTE | ||||
r-release-windows-x86_64 | 0.2 | 16.00 | 108.00 | 124.00 | NOTE | |
r-oldrel-macos-arm64 | 0.2 | NOTE | ||||
r-oldrel-macos-x86_64 | 0.2 | NOTE | ||||
r-oldrel-windows-ix86+x86_64 | 0.2 | 23.00 | 146.00 | 169.00 | NOTE |
Version: 0.2
Check: LazyData
Result: NOTE
'LazyData' is specified without a 'data' directory
Flavors: r-devel-linux-x86_64-debian-clang, r-devel-linux-x86_64-debian-gcc, r-devel-linux-x86_64-fedora-clang, r-devel-linux-x86_64-fedora-gcc, r-patched-linux-x86_64, r-release-linux-x86_64, r-release-macos-arm64, r-release-macos-x86_64, r-release-windows-x86_64, r-oldrel-macos-arm64, r-oldrel-macos-x86_64, r-oldrel-windows-ix86+x86_64