Last updated on 2022-04-24 03:52:39 CEST.
Flavor | Version | Tinstall | Tcheck | Ttotal | Status | Flags |
---|---|---|---|---|---|---|
r-devel-linux-x86_64-debian-clang | 1.3 | 33.32 | 133.76 | 167.08 | NOTE | |
r-devel-linux-x86_64-debian-gcc | 1.3 | 30.25 | 98.68 | 128.93 | NOTE | |
r-devel-linux-x86_64-fedora-clang | 1.3 | 210.83 | NOTE | |||
r-devel-linux-x86_64-fedora-gcc | 1.3 | 188.18 | NOTE | |||
r-patched-linux-x86_64 | 1.3 | 24.18 | 125.05 | 149.23 | NOTE | |
r-release-linux-x86_64 | 1.3 | 21.76 | 120.55 | 142.31 | NOTE | |
r-release-macos-arm64 | 1.3 | NOTE | ||||
r-release-macos-x86_64 | 1.3 | NOTE | ||||
r-release-windows-x86_64 | 1.3 | 39.00 | 166.00 | 205.00 | NOTE | |
r-oldrel-macos-arm64 | 1.3 | NOTE | ||||
r-oldrel-macos-x86_64 | 1.3 | NOTE | ||||
r-oldrel-windows-ix86+x86_64 | 1.3 | 74.00 | 189.00 | 263.00 | NOTE |
Version: 1.3
Check: LazyData
Result: NOTE
'LazyData' is specified without a 'data' directory
Flavors: r-devel-linux-x86_64-debian-clang, r-devel-linux-x86_64-debian-gcc, r-devel-linux-x86_64-fedora-clang, r-devel-linux-x86_64-fedora-gcc, r-patched-linux-x86_64, r-release-linux-x86_64, r-release-macos-arm64, r-release-macos-x86_64, r-release-windows-x86_64, r-oldrel-macos-arm64, r-oldrel-macos-x86_64, r-oldrel-windows-ix86+x86_64