Last updated on 2022-04-24 03:52:39 CEST.
Flavor | Version | Tinstall | Tcheck | Ttotal | Status | Flags |
---|---|---|---|---|---|---|
r-devel-linux-x86_64-debian-clang | 1.2.0 | 8.08 | 382.46 | 390.54 | OK | |
r-devel-linux-x86_64-debian-gcc | 1.2.0 | 6.67 | 281.97 | 288.64 | OK | |
r-devel-linux-x86_64-fedora-clang | 1.2.0 | 476.19 | NOTE | |||
r-devel-linux-x86_64-fedora-gcc | 1.2.0 | 482.37 | NOTE | |||
r-patched-linux-x86_64 | 1.2.0 | 6.25 | 353.42 | 359.67 | OK | |
r-release-linux-x86_64 | 1.2.0 | 6.33 | 356.89 | 363.22 | OK | |
r-release-macos-arm64 | 1.2.0 | NOTE | ||||
r-release-macos-x86_64 | 1.2.0 | NOTE | ||||
r-release-windows-x86_64 | 1.2.0 | 23.00 | 419.00 | 442.00 | OK | |
r-oldrel-macos-arm64 | 1.2.0 | NOTE | ||||
r-oldrel-macos-x86_64 | 1.2.0 | NOTE | ||||
r-oldrel-windows-ix86+x86_64 | 1.2.0 | 15.00 | 451.00 | 466.00 | OK |
Version: 1.2.0
Check: dependencies in R code
Result: NOTE
Namespaces in Imports field not imported from:
‘ggpubr’ ‘pheatmap’ ‘rlist’ ‘stats’ ‘viridis’
All declared Imports should be used.
Flavors: r-devel-linux-x86_64-fedora-clang, r-devel-linux-x86_64-fedora-gcc, r-release-macos-arm64, r-release-macos-x86_64, r-oldrel-macos-arm64, r-oldrel-macos-x86_64