Last updated on 2022-04-24 03:52:39 CEST.
Flavor | Version | Tinstall | Tcheck | Ttotal | Status | Flags |
---|---|---|---|---|---|---|
r-devel-linux-x86_64-debian-clang | 0.6-5 | 15.05 | 138.15 | 153.20 | NOTE | |
r-devel-linux-x86_64-debian-gcc | 0.6-5 | 11.03 | 102.64 | 113.67 | NOTE | |
r-devel-linux-x86_64-fedora-clang | 0.6-5 | 190.01 | NOTE | |||
r-devel-linux-x86_64-fedora-gcc | 0.6-5 | 174.86 | NOTE | |||
r-patched-linux-x86_64 | 0.6-5 | 17.72 | 133.46 | 151.18 | NOTE | |
r-release-linux-x86_64 | 0.6-5 | 9.31 | 122.49 | 131.80 | NOTE | |
r-release-macos-arm64 | 0.6-5 | NOTE | ||||
r-release-macos-x86_64 | 0.6-5 | NOTE | ||||
r-release-windows-x86_64 | 0.6-5 | 34.00 | 159.00 | 193.00 | NOTE | |
r-oldrel-macos-arm64 | 0.6-5 | NOTE | ||||
r-oldrel-macos-x86_64 | 0.6-5 | NOTE | ||||
r-oldrel-windows-ix86+x86_64 | 0.6-5 | 32.00 | 147.00 | 179.00 | OK |
Version: 0.6-5
Check: package dependencies
Result: NOTE
Packages suggested but not available for checking: 'INLA', 'SDraw'
Flavors: r-devel-linux-x86_64-debian-clang, r-devel-linux-x86_64-debian-gcc, r-patched-linux-x86_64, r-release-linux-x86_64
Version: 0.6-5
Check: package dependencies
Result: NOTE
Package suggested but not available for checking: ‘SDraw’
Flavors: r-devel-linux-x86_64-fedora-clang, r-devel-linux-x86_64-fedora-gcc
Version: 0.6-5
Check: package dependencies
Result: NOTE
Package suggested but not available for checking: ‘INLA’
Flavors: r-release-macos-arm64, r-release-macos-x86_64, r-release-windows-x86_64, r-oldrel-macos-arm64, r-oldrel-macos-x86_64