Last updated on 2022-04-24 03:52:39 CEST.
Flavor | Version | Tinstall | Tcheck | Ttotal | Status | Flags |
---|---|---|---|---|---|---|
r-devel-linux-x86_64-debian-clang | 1.0 | 39.70 | 366.35 | 406.05 | OK | |
r-devel-linux-x86_64-debian-gcc | 1.0 | 31.52 | 265.11 | 296.63 | OK | |
r-devel-linux-x86_64-fedora-clang | 1.0 | 476.45 | OK | |||
r-devel-linux-x86_64-fedora-gcc | 1.0 | 440.92 | OK | |||
r-patched-linux-x86_64 | 1.0 | 37.36 | 346.74 | 384.10 | OK | |
r-release-linux-x86_64 | 1.0 | 26.03 | 309.86 | 335.89 | OK | |
r-release-macos-arm64 | 1.0 | OK | ||||
r-release-macos-x86_64 | 1.0 | WARN | ||||
r-release-windows-x86_64 | 1.0 | 74.00 | 346.00 | 420.00 | OK | |
r-oldrel-macos-arm64 | 1.0 | OK | ||||
r-oldrel-macos-x86_64 | 1.0 | WARN | ||||
r-oldrel-windows-ix86+x86_64 | 1.0 | 79.00 | 331.00 | 410.00 | OK |
Version: 1.0
Check: whether package can be installed
Result: WARN
Found the following significant warnings:
Warning: multiple methods tables found for ‘direction’
Warning: multiple methods tables found for ‘gridDistance’
Flavors: r-release-macos-x86_64, r-oldrel-macos-x86_64