Last updated on 2022-04-24 03:52:39 CEST.
Flavor | Version | Tinstall | Tcheck | Ttotal | Status | Flags |
---|---|---|---|---|---|---|
r-devel-linux-x86_64-debian-clang | 0.2.3 | 275.51 | 46.03 | 321.54 | OK | |
r-devel-linux-x86_64-debian-gcc | 0.2.3 | 253.13 | 35.90 | 289.03 | OK | |
r-devel-linux-x86_64-fedora-clang | 0.2.3 | 462.14 | NOTE | |||
r-devel-linux-x86_64-fedora-gcc | 0.2.3 | 469.21 | OK | |||
r-patched-linux-x86_64 | 0.2.3 | 261.19 | 43.90 | 305.09 | OK | |
r-release-linux-x86_64 | 0.2.3 | 246.03 | 43.83 | 289.86 | OK | |
r-release-macos-arm64 | 0.2.3 | NOTE | ||||
r-release-macos-x86_64 | 0.2.3 | NOTE | ||||
r-release-windows-x86_64 | 0.2.3 | 239.00 | 114.00 | 353.00 | OK | |
r-oldrel-macos-arm64 | 0.2.3 | NOTE | ||||
r-oldrel-macos-x86_64 | 0.2.3 | NOTE | ||||
r-oldrel-windows-ix86+x86_64 | 0.2.3 | 591.00 | 97.00 | 688.00 | NOTE |
Version: 0.2.3
Check: installed package size
Result: NOTE
installed size is 17.0Mb
sub-directories of 1Mb or more:
doc 1.2Mb
libs 15.4Mb
Flavors: r-devel-linux-x86_64-fedora-clang, r-release-macos-arm64, r-release-macos-x86_64, r-oldrel-macos-arm64, r-oldrel-macos-x86_64, r-oldrel-windows-ix86+x86_64