Last updated on 2022-04-24 03:52:39 CEST.
Flavor | Version | Tinstall | Tcheck | Ttotal | Status | Flags |
---|---|---|---|---|---|---|
r-devel-linux-x86_64-debian-clang | 0.1.16 | 4.26 | 139.36 | 143.62 | NOTE | |
r-devel-linux-x86_64-debian-gcc | 0.1.16 | 3.35 | 91.64 | 94.99 | NOTE | |
r-devel-linux-x86_64-fedora-clang | 0.1.16 | 150.53 | NOTE | |||
r-devel-linux-x86_64-fedora-gcc | 0.1.16 | 134.29 | NOTE | |||
r-patched-linux-x86_64 | 0.1.16 | 5.08 | 114.85 | 119.93 | NOTE | |
r-release-linux-x86_64 | 0.1.16 | 4.07 | 111.50 | 115.57 | NOTE | |
r-release-macos-arm64 | 0.1.16 | NOTE | ||||
r-release-macos-x86_64 | 0.1.16 | NOTE | ||||
r-release-windows-x86_64 | 0.1.16 | 21.00 | 137.00 | 158.00 | NOTE | |
r-oldrel-macos-arm64 | 0.1.16 | NOTE | ||||
r-oldrel-macos-x86_64 | 0.1.16 | NOTE | ||||
r-oldrel-windows-ix86+x86_64 | 0.1.16 | 8.00 | 123.00 | 131.00 | NOTE |
Version: 0.1.16
Check: LazyData
Result: NOTE
'LazyData' is specified without a 'data' directory
Flavors: r-devel-linux-x86_64-debian-clang, r-devel-linux-x86_64-debian-gcc, r-devel-linux-x86_64-fedora-clang, r-devel-linux-x86_64-fedora-gcc, r-patched-linux-x86_64, r-release-linux-x86_64, r-release-macos-arm64, r-release-macos-x86_64, r-release-windows-x86_64, r-oldrel-macos-arm64, r-oldrel-macos-x86_64, r-oldrel-windows-ix86+x86_64