Last updated on 2022-04-24 03:52:39 CEST.
Flavor | Version | Tinstall | Tcheck | Ttotal | Status | Flags |
---|---|---|---|---|---|---|
r-devel-linux-x86_64-debian-clang | 2.0-1 | 11.31 | 111.79 | 123.10 | NOTE | |
r-devel-linux-x86_64-debian-gcc | 2.0-1 | 8.70 | 82.26 | 90.96 | NOTE | |
r-devel-linux-x86_64-fedora-clang | 2.0-1 | 157.59 | NOTE | |||
r-devel-linux-x86_64-fedora-gcc | 2.0-1 | 147.92 | NOTE | |||
r-patched-linux-x86_64 | 2.0-1 | 10.25 | 110.97 | 121.22 | NOTE | |
r-release-linux-x86_64 | 2.0-1 | 10.75 | 102.29 | 113.04 | NOTE | |
r-release-macos-arm64 | 2.0-1 | NOTE | ||||
r-release-macos-x86_64 | 2.0-1 | NOTE | ||||
r-release-windows-x86_64 | 2.0-1 | 25.00 | 125.00 | 150.00 | NOTE | |
r-oldrel-macos-arm64 | 2.0-1 | NOTE | ||||
r-oldrel-macos-x86_64 | 2.0-1 | NOTE | ||||
r-oldrel-windows-ix86+x86_64 | 2.0-1 | 29.00 | 164.00 | 193.00 | NOTE |
Version: 2.0-1
Check: package dependencies
Result: NOTE
Depends: includes the non-default packages:
'spatstat.data', 'spatstat.sparse', 'spatstat.geom',
'spatstat.random', 'spatstat.core', 'spatstat.linnet', 'spatstat'
Adding so many packages to the search path is excessive and importing
selectively is preferable.
Flavors: r-devel-linux-x86_64-debian-clang, r-devel-linux-x86_64-debian-gcc, r-devel-linux-x86_64-fedora-clang, r-devel-linux-x86_64-fedora-gcc, r-patched-linux-x86_64, r-release-linux-x86_64, r-release-macos-arm64, r-release-macos-x86_64, r-release-windows-x86_64, r-oldrel-macos-arm64, r-oldrel-macos-x86_64, r-oldrel-windows-ix86+x86_64