Last updated on 2022-04-24 03:52:39 CEST.
Flavor | Version | Tinstall | Tcheck | Ttotal | Status | Flags |
---|---|---|---|---|---|---|
r-devel-linux-x86_64-debian-clang | 2.4-0 | 65.05 | 377.89 | 442.94 | OK | |
r-devel-linux-x86_64-debian-gcc | 2.4-0 | 57.28 | 273.60 | 330.88 | OK | |
r-devel-linux-x86_64-fedora-clang | 2.4-0 | 560.46 | OK | |||
r-devel-linux-x86_64-fedora-gcc | 2.4-0 | 561.05 | OK | |||
r-patched-linux-x86_64 | 2.4-0 | 75.79 | 349.82 | 425.61 | OK | |
r-release-linux-x86_64 | 2.4-0 | 55.02 | 344.71 | 399.73 | OK | |
r-release-macos-arm64 | 2.4-0 | NOTE | ||||
r-release-macos-x86_64 | 2.4-0 | OK | ||||
r-release-windows-x86_64 | 2.4-0 | 886.00 | 481.00 | 1367.00 | OK | |
r-oldrel-macos-arm64 | 2.4-0 | NOTE | ||||
r-oldrel-macos-x86_64 | 2.4-0 | OK | ||||
r-oldrel-windows-ix86+x86_64 | 2.4-0 | 135.00 | 647.00 | 782.00 | OK |
Version: 2.4-0
Check: installed package size
Result: NOTE
installed size is 5.9Mb
sub-directories of 1Mb or more:
R 2.0Mb
help 2.7Mb
Flavors: r-release-macos-arm64, r-oldrel-macos-arm64