Last updated on 2022-04-24 03:52:39 CEST.
Flavor | Version | Tinstall | Tcheck | Ttotal | Status | Flags |
---|---|---|---|---|---|---|
r-devel-linux-x86_64-debian-clang | 2.0-1 | 10.49 | 118.89 | 129.38 | NOTE | |
r-devel-linux-x86_64-debian-gcc | 2.0-1 | 8.81 | 91.07 | 99.88 | NOTE | |
r-devel-linux-x86_64-fedora-clang | 2.0-1 | 168.85 | NOTE | |||
r-devel-linux-x86_64-fedora-gcc | 2.0-1 | 159.65 | NOTE | |||
r-patched-linux-x86_64 | 2.0-1 | 9.80 | 117.28 | 127.08 | NOTE | |
r-release-linux-x86_64 | 2.0-1 | 9.06 | 109.54 | 118.60 | NOTE | |
r-release-macos-arm64 | 2.0-1 | NOTE | ||||
r-release-macos-x86_64 | 2.0-1 | NOTE | ||||
r-release-windows-x86_64 | 2.0-1 | 16.00 | 132.00 | 148.00 | NOTE | |
r-oldrel-macos-arm64 | 2.0-1 | NOTE | ||||
r-oldrel-macos-x86_64 | 2.0-1 | NOTE | ||||
r-oldrel-windows-ix86+x86_64 | 2.0-1 | 22.00 | 120.00 | 142.00 | NOTE |
Version: 2.0-1
Check: package dependencies
Result: NOTE
Depends: includes the non-default packages:
'spatstat.geom', 'spatstat.random', 'spatstat.core',
'spatstat.linnet', 'spatstat.data', 'spatstat', 'rpanel', 'tcltk'
Adding so many packages to the search path is excessive and importing
selectively is preferable.
Flavors: r-devel-linux-x86_64-debian-clang, r-devel-linux-x86_64-debian-gcc, r-devel-linux-x86_64-fedora-clang, r-devel-linux-x86_64-fedora-gcc, r-patched-linux-x86_64, r-release-linux-x86_64, r-release-macos-arm64, r-release-macos-x86_64, r-release-windows-x86_64, r-oldrel-macos-arm64, r-oldrel-macos-x86_64, r-oldrel-windows-ix86+x86_64