Last updated on 2022-04-24 03:52:39 CEST.
Flavor | Version | Tinstall | Tcheck | Ttotal | Status | Flags |
---|---|---|---|---|---|---|
r-devel-linux-x86_64-debian-clang | 1.01 | 2.35 | 37.58 | 39.93 | NOTE | |
r-devel-linux-x86_64-debian-gcc | 1.01 | 1.85 | 29.10 | 30.95 | NOTE | |
r-devel-linux-x86_64-fedora-clang | 1.01 | 48.91 | NOTE | |||
r-devel-linux-x86_64-fedora-gcc | 1.01 | 37.46 | NOTE | |||
r-patched-linux-x86_64 | 1.01 | 1.90 | 36.76 | 38.66 | NOTE | |
r-release-linux-x86_64 | 1.01 | 2.14 | 36.84 | 38.98 | NOTE | |
r-release-macos-arm64 | 1.01 | NOTE | ||||
r-release-macos-x86_64 | 1.01 | NOTE | ||||
r-release-windows-x86_64 | 1.01 | 9.00 | 50.00 | 59.00 | NOTE | |
r-oldrel-macos-arm64 | 1.01 | NOTE | ||||
r-oldrel-macos-x86_64 | 1.01 | NOTE | ||||
r-oldrel-windows-ix86+x86_64 | 1.01 | 5.00 | 30.00 | 35.00 | NOTE |
Version: 1.01
Check: R code for possible problems
Result: NOTE
GenerateCliquesCovariance: no visible global function definition for
'rnorm'
Undefined global functions or variables:
rnorm
Consider adding
importFrom("stats", "rnorm")
to your NAMESPACE file.
Flavors: r-devel-linux-x86_64-debian-clang, r-devel-linux-x86_64-debian-gcc, r-devel-linux-x86_64-fedora-clang, r-devel-linux-x86_64-fedora-gcc, r-patched-linux-x86_64, r-release-linux-x86_64, r-release-macos-arm64, r-release-macos-x86_64, r-release-windows-x86_64, r-oldrel-macos-arm64, r-oldrel-macos-x86_64, r-oldrel-windows-ix86+x86_64