Last updated on 2022-04-24 03:52:39 CEST.
Flavor | Version | Tinstall | Tcheck | Ttotal | Status | Flags |
---|---|---|---|---|---|---|
r-devel-linux-x86_64-debian-clang | 2.1 | 4.37 | 53.28 | 57.65 | OK | |
r-devel-linux-x86_64-debian-gcc | 2.1 | 3.85 | 38.06 | 41.91 | OK | |
r-devel-linux-x86_64-fedora-clang | 2.1 | 67.62 | NOTE | |||
r-devel-linux-x86_64-fedora-gcc | 2.1 | 56.40 | NOTE | |||
r-patched-linux-x86_64 | 2.1 | 5.65 | 49.77 | 55.42 | OK | |
r-release-linux-x86_64 | 2.1 | 4.23 | 48.72 | 52.95 | OK | |
r-release-macos-arm64 | 2.1 | OK | ||||
r-release-macos-x86_64 | 2.1 | OK | ||||
r-release-windows-x86_64 | 2.1 | 17.00 | 66.00 | 83.00 | OK | |
r-oldrel-macos-arm64 | 2.1 | OK | ||||
r-oldrel-macos-x86_64 | 2.1 | OK | ||||
r-oldrel-windows-ix86+x86_64 | 2.1 | 12.00 | 76.00 | 88.00 | OK |
Version: 2.1
Check: compiled code
Result: NOTE
File ‘spcr/libs/spcr.so’:
Found no calls to: ‘R_registerRoutines’, ‘R_useDynamicSymbols’
It is good practice to register native routines and to disable symbol
search.
See ‘Writing portable packages’ in the ‘Writing R Extensions’ manual.
Flavors: r-devel-linux-x86_64-fedora-clang, r-devel-linux-x86_64-fedora-gcc