Last updated on 2022-04-24 03:52:39 CEST.
Flavor | Version | Tinstall | Tcheck | Ttotal | Status | Flags |
---|---|---|---|---|---|---|
r-devel-linux-x86_64-debian-clang | 1.2-4 | 45.09 | 486.96 | 532.05 | OK | |
r-devel-linux-x86_64-debian-gcc | 1.2-4 | 36.28 | 355.89 | 392.17 | OK | |
r-devel-linux-x86_64-fedora-clang | 1.2-4 | 586.54 | NOTE | |||
r-devel-linux-x86_64-fedora-gcc | 1.2-4 | 551.14 | OK | |||
r-patched-linux-x86_64 | 1.2-4 | 45.88 | 459.15 | 505.03 | OK | |
r-release-linux-x86_64 | 1.2-4 | 41.31 | 457.06 | 498.37 | OK | |
r-release-macos-arm64 | 1.2-4 | NOTE | ||||
r-release-macos-x86_64 | 1.2-4 | NOTE | ||||
r-release-windows-x86_64 | 1.2-4 | 100.00 | 423.00 | 523.00 | NOTE | |
r-oldrel-macos-arm64 | 1.2-4 | NOTE | ||||
r-oldrel-macos-x86_64 | 1.2-4 | NOTE | ||||
r-oldrel-windows-ix86+x86_64 | 1.2-4 | 89.00 | 542.00 | 631.00 | NOTE |
Version: 1.2-4
Check: installed package size
Result: NOTE
installed size is 8.6Mb
sub-directories of 1Mb or more:
doc 5.8Mb
etc 1.4Mb
Flavors: r-devel-linux-x86_64-fedora-clang, r-release-macos-arm64, r-release-macos-x86_64, r-release-windows-x86_64, r-oldrel-macos-arm64, r-oldrel-macos-x86_64, r-oldrel-windows-ix86+x86_64