Last updated on 2022-04-24 03:52:39 CEST.
Flavor | Version | Tinstall | Tcheck | Ttotal | Status | Flags |
---|---|---|---|---|---|---|
r-devel-linux-x86_64-debian-clang | 0.1.1 | 3.29 | 33.81 | 37.10 | NOTE | |
r-devel-linux-x86_64-debian-gcc | 0.1.1 | 2.45 | 25.95 | 28.40 | NOTE | |
r-devel-linux-x86_64-fedora-clang | 0.1.1 | 44.92 | NOTE | |||
r-devel-linux-x86_64-fedora-gcc | 0.1.1 | 32.65 | NOTE | |||
r-patched-linux-x86_64 | 0.1.1 | 2.89 | 32.04 | 34.93 | NOTE | |
r-release-linux-x86_64 | 0.1.1 | 2.90 | 31.62 | 34.52 | NOTE | |
r-release-macos-arm64 | 0.1.1 | NOTE | ||||
r-release-macos-x86_64 | 0.1.1 | NOTE | ||||
r-release-windows-x86_64 | 0.1.1 | 24.00 | 48.00 | 72.00 | NOTE | |
r-oldrel-macos-arm64 | 0.1.1 | NOTE | ||||
r-oldrel-macos-x86_64 | 0.1.1 | NOTE | ||||
r-oldrel-windows-ix86+x86_64 | 0.1.1 | 6.00 | 28.00 | 34.00 | NOTE |
Version: 0.1.1
Check: DESCRIPTION meta-information
Result: NOTE
Malformed Title field: should not end in a period.
Flavors: r-devel-linux-x86_64-debian-clang, r-devel-linux-x86_64-debian-gcc, r-devel-linux-x86_64-fedora-clang, r-devel-linux-x86_64-fedora-gcc, r-patched-linux-x86_64, r-release-linux-x86_64, r-release-macos-arm64, r-release-macos-x86_64, r-release-windows-x86_64, r-oldrel-macos-arm64, r-oldrel-macos-x86_64, r-oldrel-windows-ix86+x86_64
Version: 0.1.1
Check: R code for possible problems
Result: NOTE
bartlett: no visible global function definition for 'pchisq'
local.rbfdot: no visible binding for global variable 'sd'
local.rbfdot: no visible global function definition for 'dist'
local.rbfdot : <anonymous>: no visible global function definition for
'median'
speccalt: no visible global function definition for 'kmeans'
Undefined global functions or variables:
dist kmeans median pchisq sd
Consider adding
importFrom("stats", "dist", "kmeans", "median", "pchisq", "sd")
to your NAMESPACE file.
Flavors: r-devel-linux-x86_64-debian-clang, r-devel-linux-x86_64-debian-gcc, r-devel-linux-x86_64-fedora-clang, r-devel-linux-x86_64-fedora-gcc, r-patched-linux-x86_64, r-release-linux-x86_64, r-release-macos-arm64, r-release-macos-x86_64, r-release-windows-x86_64, r-oldrel-macos-arm64, r-oldrel-macos-x86_64, r-oldrel-windows-ix86+x86_64