Last updated on 2022-04-24 03:52:39 CEST.
Flavor | Version | Tinstall | Tcheck | Ttotal | Status | Flags |
---|---|---|---|---|---|---|
r-devel-linux-x86_64-debian-clang | 0.0.1.7 | 48.00 | 43.10 | 91.10 | NOTE | |
r-devel-linux-x86_64-debian-gcc | 0.0.1.7 | 38.73 | 32.66 | 71.39 | NOTE | |
r-devel-linux-x86_64-fedora-clang | 0.0.1.7 | 143.70 | NOTE | |||
r-devel-linux-x86_64-fedora-gcc | 0.0.1.7 | 106.56 | NOTE | |||
r-patched-linux-x86_64 | 0.0.1.7 | 38.54 | 41.34 | 79.88 | NOTE | |
r-release-linux-x86_64 | 0.0.1.7 | 38.93 | 39.28 | 78.21 | NOTE | |
r-release-macos-arm64 | 0.0.1.7 | NOTE | ||||
r-release-macos-x86_64 | 0.0.1.7 | NOTE | ||||
r-release-windows-x86_64 | 0.0.1.7 | 58.00 | 87.00 | 145.00 | NOTE | |
r-oldrel-macos-arm64 | 0.0.1.7 | NOTE | ||||
r-oldrel-macos-x86_64 | 0.0.1.7 | NOTE | ||||
r-oldrel-windows-ix86+x86_64 | 0.0.1.7 | 128.00 | 79.00 | 207.00 | NOTE |
Version: 0.0.1.7
Check: LazyData
Result: NOTE
'LazyData' is specified without a 'data' directory
Flavors: r-devel-linux-x86_64-debian-clang, r-devel-linux-x86_64-debian-gcc, r-devel-linux-x86_64-fedora-clang, r-devel-linux-x86_64-fedora-gcc, r-patched-linux-x86_64, r-release-linux-x86_64, r-release-macos-arm64, r-release-macos-x86_64, r-release-windows-x86_64, r-oldrel-macos-arm64, r-oldrel-macos-x86_64, r-oldrel-windows-ix86+x86_64
Version: 0.0.1.7
Check: installed package size
Result: NOTE
installed size is 5.4Mb
sub-directories of 1Mb or more:
libs 3.8Mb
Flavor: r-oldrel-windows-ix86+x86_64