Last updated on 2022-04-24 03:52:39 CEST.
Flavor | Version | Tinstall | Tcheck | Ttotal | Status | Flags |
---|---|---|---|---|---|---|
r-devel-linux-x86_64-debian-clang | 3.12.0 | 18.72 | 158.27 | 176.99 | NOTE | |
r-devel-linux-x86_64-debian-gcc | 3.12.0 | 15.19 | 114.25 | 129.44 | NOTE | |
r-devel-linux-x86_64-fedora-clang | 3.12.0 | 219.80 | NOTE | |||
r-devel-linux-x86_64-fedora-gcc | 3.12.0 | 202.33 | NOTE | |||
r-patched-linux-x86_64 | 3.12.0 | 16.43 | 146.67 | 163.10 | NOTE | |
r-release-linux-x86_64 | 3.12.0 | 11.91 | 137.56 | 149.47 | NOTE | |
r-release-macos-arm64 | 3.12.0 | NOTE | ||||
r-release-macos-x86_64 | 3.12.0 | NOTE | ||||
r-release-windows-x86_64 | 3.12.0 | 294.00 | 165.00 | 459.00 | NOTE | |
r-oldrel-macos-arm64 | 3.12.0 | NOTE | ||||
r-oldrel-macos-x86_64 | 3.12.0 | NOTE | ||||
r-oldrel-windows-ix86+x86_64 | 3.12.0 | 40.00 | 160.00 | 200.00 | NOTE |
Version: 3.12.0
Check: LazyData
Result: NOTE
'LazyData' is specified without a 'data' directory
Flavors: r-devel-linux-x86_64-debian-clang, r-devel-linux-x86_64-debian-gcc, r-devel-linux-x86_64-fedora-clang, r-devel-linux-x86_64-fedora-gcc, r-patched-linux-x86_64, r-release-linux-x86_64, r-release-macos-arm64, r-release-macos-x86_64, r-release-windows-x86_64, r-oldrel-macos-arm64, r-oldrel-macos-x86_64, r-oldrel-windows-ix86+x86_64