Last updated on 2022-04-24 03:52:39 CEST.
Flavor | Version | Tinstall | Tcheck | Ttotal | Status | Flags |
---|---|---|---|---|---|---|
r-devel-linux-x86_64-debian-clang | 0.2.3 | 64.27 | 95.99 | 160.26 | OK | |
r-devel-linux-x86_64-debian-gcc | 0.2.3 | 50.13 | 70.68 | 120.81 | OK | |
r-devel-linux-x86_64-fedora-clang | 0.2.3 | 228.65 | NOTE | |||
r-devel-linux-x86_64-fedora-gcc | 0.2.3 | 193.28 | OK | |||
r-patched-linux-x86_64 | 0.2.3 | 46.33 | 91.86 | 138.19 | OK | |
r-release-linux-x86_64 | 0.2.3 | 49.57 | 85.68 | 135.25 | OK | |
r-release-macos-arm64 | 0.2.3 | NOTE | ||||
r-release-macos-x86_64 | 0.2.3 | NOTE | ||||
r-release-windows-x86_64 | 0.2.3 | 141.00 | 142.00 | 283.00 | OK | |
r-oldrel-macos-arm64 | 0.2.3 | NOTE | ||||
r-oldrel-macos-x86_64 | 0.2.3 | NOTE | ||||
r-oldrel-windows-ix86+x86_64 | 0.2.3 | 144.00 | 153.00 | 297.00 | NOTE |
Version: 0.2.3
Check: installed package size
Result: NOTE
installed size is 6.2Mb
sub-directories of 1Mb or more:
doc 3.1Mb
libs 2.7Mb
Flavors: r-devel-linux-x86_64-fedora-clang, r-release-macos-arm64, r-release-macos-x86_64, r-oldrel-macos-arm64, r-oldrel-macos-x86_64, r-oldrel-windows-ix86+x86_64