Last updated on 2022-04-24 03:52:39 CEST.
Flavor | Version | Tinstall | Tcheck | Ttotal | Status | Flags |
---|---|---|---|---|---|---|
r-devel-linux-x86_64-debian-clang | 1.0.2 | 54.20 | 50.47 | 104.67 | OK | |
r-devel-linux-x86_64-debian-gcc | 1.0.2 | 49.02 | 38.17 | 87.19 | OK | |
r-devel-linux-x86_64-fedora-clang | 1.0.2 | 144.52 | OK | |||
r-devel-linux-x86_64-fedora-gcc | 1.0.2 | 128.35 | OK | |||
r-patched-linux-x86_64 | 1.0.2 | 52.88 | 47.61 | 100.49 | OK | |
r-release-linux-x86_64 | 1.0.2 | 45.58 | 48.01 | 93.59 | OK | |
r-release-macos-arm64 | 1.0.2 | NOTE | ||||
r-release-macos-x86_64 | 1.0.2 | NOTE | ||||
r-release-windows-x86_64 | 1.0.2 | 58.00 | 98.00 | 156.00 | OK | |
r-oldrel-macos-arm64 | 1.0.2 | NOTE | ||||
r-oldrel-macos-x86_64 | 1.0.2 | NOTE | ||||
r-oldrel-windows-ix86+x86_64 | 1.0.2 | 122.00 | 90.00 | 212.00 | OK |
Version: 1.0.2
Check: installed package size
Result: NOTE
installed size is 8.8Mb
sub-directories of 1Mb or more:
libs 8.5Mb
Flavors: r-release-macos-arm64, r-release-macos-x86_64, r-oldrel-macos-arm64, r-oldrel-macos-x86_64