Last updated on 2022-04-24 03:52:39 CEST.
Flavor | Version | Tinstall | Tcheck | Ttotal | Status | Flags |
---|---|---|---|---|---|---|
r-devel-linux-x86_64-debian-clang | 2.0.0 | 3.35 | 39.67 | 43.02 | OK | |
r-devel-linux-x86_64-debian-gcc | 2.0.0 | 2.62 | 30.79 | 33.41 | OK | |
r-devel-linux-x86_64-fedora-clang | 2.0.0 | 52.16 | NOTE | |||
r-devel-linux-x86_64-fedora-gcc | 2.0.0 | 40.31 | NOTE | |||
r-patched-linux-x86_64 | 2.0.0 | 2.29 | 38.83 | 41.12 | OK | |
r-release-linux-x86_64 | 2.0.0 | 1.98 | 37.48 | 39.46 | OK | |
r-release-macos-arm64 | 2.0.0 | NOTE | ||||
r-release-macos-x86_64 | 2.0.0 | NOTE | ||||
r-release-windows-x86_64 | 2.0.0 | 9.00 | 61.00 | 70.00 | OK | |
r-oldrel-macos-arm64 | 2.0.0 | NOTE | ||||
r-oldrel-macos-x86_64 | 2.0.0 | NOTE | ||||
r-oldrel-windows-ix86+x86_64 | 2.0.0 | 8.00 | 45.00 | 53.00 | OK |
Version: 2.0.0
Check: dependencies in R code
Result: NOTE
Namespaces in Imports field not imported from:
‘glue’ ‘httptest’
All declared Imports should be used.
Flavors: r-devel-linux-x86_64-fedora-clang, r-devel-linux-x86_64-fedora-gcc, r-release-macos-arm64, r-release-macos-x86_64, r-oldrel-macos-arm64, r-oldrel-macos-x86_64