Last updated on 2022-04-24 03:52:39 CEST.
Flavor | Version | Tinstall | Tcheck | Ttotal | Status | Flags |
---|---|---|---|---|---|---|
r-devel-linux-x86_64-debian-clang | 1.5 | 3.60 | 49.90 | 53.50 | NOTE | |
r-devel-linux-x86_64-debian-gcc | 1.5 | 2.66 | 37.43 | 40.09 | NOTE | |
r-devel-linux-x86_64-fedora-clang | 1.5 | 61.94 | NOTE | |||
r-devel-linux-x86_64-fedora-gcc | 1.5 | 51.38 | NOTE | |||
r-patched-linux-x86_64 | 1.5 | 3.37 | 47.51 | 50.88 | NOTE | |
r-release-linux-x86_64 | 1.5 | 2.85 | 45.29 | 48.14 | NOTE | |
r-release-macos-arm64 | 1.5 | NOTE | ||||
r-release-macos-x86_64 | 1.5 | NOTE | ||||
r-release-windows-x86_64 | 1.5 | 15.00 | 68.00 | 83.00 | NOTE | |
r-oldrel-macos-arm64 | 1.5 | NOTE | ||||
r-oldrel-macos-x86_64 | 1.5 | NOTE | ||||
r-oldrel-windows-ix86+x86_64 | 1.5 | 8.00 | 52.00 | 60.00 | NOTE |
Version: 1.5
Check: dependencies in R code
Result: NOTE
Package in Depends field not imported from: 'rgl'
These packages need to be imported from (in the NAMESPACE file)
for when this namespace is loaded but not attached.
Flavors: r-devel-linux-x86_64-debian-clang, r-devel-linux-x86_64-debian-gcc, r-devel-linux-x86_64-fedora-clang, r-devel-linux-x86_64-fedora-gcc, r-patched-linux-x86_64, r-release-linux-x86_64, r-release-macos-arm64, r-release-macos-x86_64, r-release-windows-x86_64, r-oldrel-macos-arm64, r-oldrel-macos-x86_64, r-oldrel-windows-ix86+x86_64
Version: 1.5
Check: R code for possible problems
Result: NOTE
pointsphere: no visible global function definition for 'runif'
rgl.sphMW: no visible global function definition for 'plot3d'
rgl.sphcirc: no visible global function definition for 'rotate3d'
rgl.sphcirc: no visible global function definition for 'lines3d'
rgl.sphgrid: no visible global function definition for 'open3d'
rgl.sphgrid: no visible global function definition for 'plot3d'
rgl.sphgrid: no visible global function definition for 'lines3d'
rgl.sphgrid: no visible global function definition for 'text3d'
rgl.sphpoints: no visible global function definition for 'points3d'
rgl.sphsun: no visible global function definition for 'plot3d'
rgl.sphtext: no visible global function definition for 'text3d'
Undefined global functions or variables:
lines3d open3d plot3d points3d rotate3d runif text3d
Consider adding
importFrom("stats", "runif")
to your NAMESPACE file.
Flavors: r-devel-linux-x86_64-debian-clang, r-devel-linux-x86_64-debian-gcc, r-devel-linux-x86_64-fedora-clang, r-devel-linux-x86_64-fedora-gcc, r-patched-linux-x86_64, r-release-linux-x86_64, r-release-macos-arm64, r-release-macos-x86_64, r-release-windows-x86_64, r-oldrel-macos-arm64, r-oldrel-macos-x86_64, r-oldrel-windows-ix86+x86_64