Last updated on 2022-04-24 03:52:39 CEST.
Flavor | Version | Tinstall | Tcheck | Ttotal | Status | Flags |
---|---|---|---|---|---|---|
r-devel-linux-x86_64-debian-clang | 2.0 | 44.01 | 421.65 | 465.66 | OK | |
r-devel-linux-x86_64-debian-gcc | 2.0 | 31.90 | 308.91 | 340.81 | OK | |
r-devel-linux-x86_64-fedora-clang | 2.0 | 545.16 | NOTE | |||
r-devel-linux-x86_64-fedora-gcc | 2.0 | 479.84 | NOTE | |||
r-patched-linux-x86_64 | 2.0 | 38.48 | 402.05 | 440.53 | OK | |
r-release-linux-x86_64 | 2.0 | 34.76 | 370.55 | 405.31 | OK | |
r-release-macos-arm64 | 2.0 | NOTE | ||||
r-release-macos-x86_64 | 2.0 | NOTE | ||||
r-release-windows-x86_64 | 2.0 | 46.00 | 423.00 | 469.00 | OK | |
r-oldrel-macos-arm64 | 2.0 | NOTE | ||||
r-oldrel-macos-x86_64 | 2.0 | NOTE | ||||
r-oldrel-windows-ix86+x86_64 | 2.0 | 88.00 | 398.00 | 486.00 | OK |
Version: 2.0
Check: dependencies in R code
Result: NOTE
Namespaces in Imports field not imported from:
‘sf’ ‘spData’
All declared Imports should be used.
Flavors: r-devel-linux-x86_64-fedora-clang, r-devel-linux-x86_64-fedora-gcc, r-release-macos-arm64, r-release-macos-x86_64, r-oldrel-macos-arm64, r-oldrel-macos-x86_64