Last updated on 2022-04-24 03:52:39 CEST.
Flavor | Version | Tinstall | Tcheck | Ttotal | Status | Flags |
---|---|---|---|---|---|---|
r-devel-linux-x86_64-debian-clang | 1.1-15 | 22.12 | 149.23 | 171.35 | NOTE | |
r-devel-linux-x86_64-debian-gcc | 1.1-15 | 16.76 | 109.55 | 126.31 | NOTE | |
r-devel-linux-x86_64-fedora-clang | 1.1-15 | 207.46 | NOTE | |||
r-devel-linux-x86_64-fedora-gcc | 1.1-15 | 192.03 | NOTE | |||
r-patched-linux-x86_64 | 1.1-15 | 19.74 | 137.29 | 157.03 | OK | |
r-release-linux-x86_64 | 1.1-15 | 15.36 | 127.80 | 143.16 | OK | |
r-release-macos-arm64 | 1.1-15 | OK | ||||
r-release-macos-x86_64 | 1.1-15 | OK | ||||
r-release-windows-x86_64 | 1.1-15 | 50.00 | 159.00 | 209.00 | OK | --no-vignettes |
r-oldrel-macos-arm64 | 1.1-15 | OK | ||||
r-oldrel-macos-x86_64 | 1.1-15 | OK | ||||
r-oldrel-windows-ix86+x86_64 | 1.1-15 | 41.00 | 173.00 | 214.00 | OK | --no-vignettes |
Version: 1.1-15
Check: Rd files
Result: NOTE
checkRd: (7) file 'spikeAndSlab.Rd': \item in \describe must have non-empty label
Flavors: r-devel-linux-x86_64-debian-clang, r-devel-linux-x86_64-debian-gcc, r-devel-linux-x86_64-fedora-clang, r-devel-linux-x86_64-fedora-gcc