Last updated on 2022-04-24 03:52:39 CEST.
Flavor | Version | Tinstall | Tcheck | Ttotal | Status | Flags |
---|---|---|---|---|---|---|
r-devel-linux-x86_64-debian-clang | 0.4.5 | 119.00 | 52.25 | 171.25 | OK | |
r-devel-linux-x86_64-debian-gcc | 0.4.5 | 92.98 | 40.89 | 133.87 | OK | |
r-devel-linux-x86_64-fedora-clang | 0.4.5 | 255.08 | OK | |||
r-devel-linux-x86_64-fedora-gcc | 0.4.5 | 214.80 | OK | |||
r-patched-linux-x86_64 | 0.4.5 | 101.01 | 51.21 | 152.22 | OK | |
r-release-linux-x86_64 | 0.4.5 | 96.42 | 49.42 | 145.84 | OK | |
r-release-macos-arm64 | 0.4.5 | NOTE | ||||
r-release-macos-x86_64 | 0.4.5 | NOTE | ||||
r-release-windows-x86_64 | 0.4.5 | 139.00 | 101.00 | 240.00 | OK | |
r-oldrel-macos-arm64 | 0.4.5 | NOTE | ||||
r-oldrel-macos-x86_64 | 0.4.5 | NOTE | ||||
r-oldrel-windows-ix86+x86_64 | 0.4.5 | 274.00 | 105.00 | 379.00 | OK |
Version: 0.4.5
Check: installed package size
Result: NOTE
installed size is 6.2Mb
sub-directories of 1Mb or more:
libs 4.8Mb
Flavors: r-release-macos-arm64, r-release-macos-x86_64, r-oldrel-macos-arm64, r-oldrel-macos-x86_64