Last updated on 2022-04-24 03:52:39 CEST.
Flavor | Version | Tinstall | Tcheck | Ttotal | Status | Flags |
---|---|---|---|---|---|---|
r-devel-linux-x86_64-debian-clang | 2.5.2 | 18.68 | 70.06 | 88.74 | NOTE | |
r-devel-linux-x86_64-debian-gcc | 2.5.2 | 15.85 | 52.18 | 68.03 | NOTE | |
r-devel-linux-x86_64-fedora-clang | 2.5.2 | 116.38 | NOTE | |||
r-devel-linux-x86_64-fedora-gcc | 2.5.2 | 103.59 | NOTE | |||
r-patched-linux-x86_64 | 2.5.2 | 20.26 | 66.45 | 86.71 | OK | |
r-release-linux-x86_64 | 2.5.2 | 15.47 | 62.60 | 78.07 | OK | |
r-release-macos-arm64 | 2.5.2 | OK | ||||
r-release-macos-x86_64 | 2.5.2 | OK | ||||
r-release-windows-x86_64 | 2.5.2 | 318.00 | 95.00 | 413.00 | OK | |
r-oldrel-macos-arm64 | 2.5.2 | OK | ||||
r-oldrel-macos-x86_64 | 2.5.2 | OK | ||||
r-oldrel-windows-ix86+x86_64 | 2.5.2 | 46.00 | 74.00 | 120.00 | OK |
Version: 2.5.2
Check: Rd files
Result: NOTE
checkRd: (7) file 'event.Rd': \item in \arguments must have non-empty label
checkRd: (7) file 'groupvec.Rd': \item in \arguments must have non-empty label
checkRd: (7) file 'numseq.Rd': \item in \arguments must have non-empty label
checkRd: (7) file 'options.Rd': \item in \describe must have non-empty label
checkRd: (7) file 'timedate.Rd': \item in \arguments must have non-empty label
checkRd: (7) file 'timespan.Rd': \item in \arguments must have non-empty label
checkRd: (7) file 'timzns.Rd': \item in \arguments must have non-empty label
Flavors: r-devel-linux-x86_64-debian-clang, r-devel-linux-x86_64-debian-gcc, r-devel-linux-x86_64-fedora-clang, r-devel-linux-x86_64-fedora-gcc