Last updated on 2022-04-24 03:52:39 CEST.
Flavor | Version | Tinstall | Tcheck | Ttotal | Status | Flags |
---|---|---|---|---|---|---|
r-devel-linux-x86_64-debian-clang | 1.5.2 | 13.35 | 79.67 | 93.02 | NOTE | |
r-devel-linux-x86_64-debian-gcc | 1.5.2 | 9.27 | 58.59 | 67.86 | NOTE | |
r-devel-linux-x86_64-fedora-clang | 1.5.2 | 114.01 | NOTE | |||
r-devel-linux-x86_64-fedora-gcc | 1.5.2 | 102.00 | NOTE | |||
r-patched-linux-x86_64 | 1.5.2 | 11.02 | 75.01 | 86.03 | OK | |
r-release-linux-x86_64 | 1.5.2 | 10.67 | 69.50 | 80.17 | OK | |
r-release-macos-arm64 | 1.5.2 | OK | ||||
r-release-macos-x86_64 | 1.5.2 | OK | ||||
r-release-windows-x86_64 | 1.5.2 | 127.00 | 101.00 | 228.00 | OK | |
r-oldrel-macos-arm64 | 1.5.2 | OK | ||||
r-oldrel-macos-x86_64 | 1.5.2 | OK | ||||
r-oldrel-windows-ix86+x86_64 | 1.5.2 | 26.00 | 78.00 | 104.00 | OK |
Version: 1.5.2
Check: Rd files
Result: NOTE
checkRd: (7) file 'hloc.Rd': \item in \value must have non-empty label
checkRd: (7) file 'unionps.Rd': \item in \value must have non-empty label
Flavors: r-devel-linux-x86_64-debian-clang, r-devel-linux-x86_64-debian-gcc, r-devel-linux-x86_64-fedora-clang, r-devel-linux-x86_64-fedora-gcc