Last updated on 2022-04-24 03:52:39 CEST.
Flavor | Version | Tinstall | Tcheck | Ttotal | Status | Flags |
---|---|---|---|---|---|---|
r-devel-linux-x86_64-debian-clang | 1.2.1 | 7.26 | 53.80 | 61.06 | OK | |
r-devel-linux-x86_64-debian-gcc | 1.2.1 | 6.77 | 41.92 | 48.69 | OK | |
r-devel-linux-x86_64-fedora-clang | 1.2.1 | 80.72 | NOTE | |||
r-devel-linux-x86_64-fedora-gcc | 1.2.1 | 66.15 | NOTE | |||
r-patched-linux-x86_64 | 1.2.1 | 8.36 | 52.06 | 60.42 | OK | |
r-release-linux-x86_64 | 1.2.1 | 6.44 | 50.18 | 56.62 | OK | |
r-release-macos-arm64 | 1.2.1 | NOTE | ||||
r-release-macos-x86_64 | 1.2.1 | NOTE | ||||
r-release-windows-x86_64 | 1.2.1 | 30.00 | 76.00 | 106.00 | OK | |
r-oldrel-macos-arm64 | 1.2.1 | NOTE | ||||
r-oldrel-macos-x86_64 | 1.2.1 | NOTE | ||||
r-oldrel-windows-ix86+x86_64 | 1.2.1 | 17.00 | 62.00 | 79.00 | OK |
Version: 1.2.1
Check: dependencies in R code
Result: NOTE
Namespace in Imports field not imported from: ‘biomod2’
All declared Imports should be used.
Flavors: r-devel-linux-x86_64-fedora-clang, r-devel-linux-x86_64-fedora-gcc, r-release-macos-arm64, r-release-macos-x86_64, r-oldrel-macos-arm64, r-oldrel-macos-x86_64
Version: 1.2.1
Check: installed package size
Result: NOTE
installed size is 5.1Mb
sub-directories of 1Mb or more:
data 4.7Mb
Flavors: r-release-macos-arm64, r-oldrel-macos-arm64