Last updated on 2022-04-24 03:52:39 CEST.
Flavor | Version | Tinstall | Tcheck | Ttotal | Status | Flags |
---|---|---|---|---|---|---|
r-devel-linux-x86_64-debian-clang | 1.1.2 | 6.06 | 57.33 | 63.39 | OK | |
r-devel-linux-x86_64-debian-gcc | 1.1.2 | 4.93 | 43.81 | 48.74 | OK | |
r-devel-linux-x86_64-fedora-clang | 1.1.2 | 84.17 | NOTE | |||
r-devel-linux-x86_64-fedora-gcc | 1.1.2 | 68.97 | NOTE | |||
r-patched-linux-x86_64 | 1.1.2 | 8.12 | 56.06 | 64.18 | OK | |
r-release-linux-x86_64 | 1.1.2 | 6.05 | 54.21 | 60.26 | OK | |
r-release-macos-arm64 | 1.1.2 | NOTE | ||||
r-release-macos-x86_64 | 1.1.2 | NOTE | ||||
r-release-windows-x86_64 | 1.1.2 | 21.00 | 73.00 | 94.00 | OK | |
r-oldrel-macos-arm64 | 1.1.2 | NOTE | ||||
r-oldrel-macos-x86_64 | 1.1.2 | NOTE | ||||
r-oldrel-windows-ix86+x86_64 | 1.1.2 | 15.00 | 64.00 | 79.00 | OK |
Version: 1.1.2
Check: dependencies in R code
Result: NOTE
Namespaces in Imports field not imported from:
‘MASS’ ‘psy’ ‘ranger’
All declared Imports should be used.
Flavors: r-devel-linux-x86_64-fedora-clang, r-devel-linux-x86_64-fedora-gcc, r-release-macos-arm64, r-release-macos-x86_64, r-oldrel-macos-arm64, r-oldrel-macos-x86_64