Last updated on 2022-04-24 03:52:39 CEST.
Flavor | Version | Tinstall | Tcheck | Ttotal | Status | Flags |
---|---|---|---|---|---|---|
r-devel-linux-x86_64-debian-clang | 0.1.0 | 5.69 | 264.78 | 270.47 | OK | |
r-devel-linux-x86_64-debian-gcc | 0.1.0 | 4.56 | 196.64 | 201.20 | OK | |
r-devel-linux-x86_64-fedora-clang | 0.1.0 | 334.14 | NOTE | |||
r-devel-linux-x86_64-fedora-gcc | 0.1.0 | 316.09 | NOTE | |||
r-patched-linux-x86_64 | 0.1.0 | 4.68 | 246.85 | 251.53 | OK | |
r-release-linux-x86_64 | 0.1.0 | 3.32 | 247.03 | 250.35 | OK | |
r-release-macos-arm64 | 0.1.0 | NOTE | ||||
r-release-macos-x86_64 | 0.1.0 | NOTE | ||||
r-release-windows-x86_64 | 0.1.0 | 18.00 | 282.00 | 300.00 | OK | |
r-oldrel-macos-arm64 | 0.1.0 | NOTE | ||||
r-oldrel-macos-x86_64 | 0.1.0 | NOTE | ||||
r-oldrel-windows-ix86+x86_64 | 0.1.0 | 15.00 | 287.00 | 302.00 | OK |
Version: 0.1.0
Check: dependencies in R code
Result: NOTE
Namespaces in Imports field not imported from:
‘rmarkdown’ ‘tmap’
All declared Imports should be used.
Flavors: r-devel-linux-x86_64-fedora-clang, r-devel-linux-x86_64-fedora-gcc, r-release-macos-arm64, r-release-macos-x86_64, r-oldrel-macos-arm64, r-oldrel-macos-x86_64