Last updated on 2022-04-24 03:52:39 CEST.
Flavor | Version | Tinstall | Tcheck | Ttotal | Status | Flags |
---|---|---|---|---|---|---|
r-devel-linux-x86_64-debian-clang | 0.9.1-0 | 12.95 | 77.79 | 90.74 | OK | |
r-devel-linux-x86_64-debian-gcc | 0.9.1-0 | 8.60 | 58.96 | 67.56 | OK | |
r-devel-linux-x86_64-fedora-clang | 0.9.1-0 | 106.00 | NOTE | |||
r-devel-linux-x86_64-fedora-gcc | 0.9.1-0 | 92.16 | NOTE | |||
r-patched-linux-x86_64 | 0.9.1-0 | 12.37 | 73.02 | 85.39 | OK | |
r-release-linux-x86_64 | 0.9.1-0 | 8.33 | 71.54 | 79.87 | OK | |
r-release-macos-arm64 | 0.9.1-0 | NOTE | ||||
r-release-macos-x86_64 | 0.9.1-0 | NOTE | ||||
r-release-windows-x86_64 | 0.9.1-0 | 93.00 | 91.00 | 184.00 | OK | |
r-oldrel-macos-arm64 | 0.9.1-0 | NOTE | ||||
r-oldrel-macos-x86_64 | 0.9.1-0 | NOTE | ||||
r-oldrel-windows-ix86+x86_64 | 0.9.1-0 | 21.00 | 79.00 | 100.00 | OK |
Version: 0.9.1-0
Check: data for non-ASCII characters
Result: NOTE
Note: found 1 marked UTF-8 string
Flavors: r-devel-linux-x86_64-fedora-clang, r-devel-linux-x86_64-fedora-gcc, r-release-macos-arm64, r-release-macos-x86_64, r-oldrel-macos-arm64, r-oldrel-macos-x86_64