Last updated on 2022-04-24 03:52:39 CEST.
Flavor | Version | Tinstall | Tcheck | Ttotal | Status | Flags |
---|---|---|---|---|---|---|
r-devel-linux-x86_64-debian-clang | 1.2.0 | 16.27 | 106.20 | 122.47 | NOTE | |
r-devel-linux-x86_64-debian-gcc | 1.2.0 | 13.37 | 78.11 | 91.48 | NOTE | |
r-devel-linux-x86_64-fedora-clang | 1.2.0 | 147.81 | NOTE | |||
r-devel-linux-x86_64-fedora-gcc | 1.2.0 | 134.10 | NOTE | |||
r-patched-linux-x86_64 | 1.2.0 | 20.66 | 99.95 | 120.61 | NOTE | |
r-release-linux-x86_64 | 1.2.0 | 16.17 | 93.59 | 109.76 | NOTE | |
r-release-macos-arm64 | 1.2.0 | NOTE | ||||
r-release-macos-x86_64 | 1.2.0 | NOTE | ||||
r-release-windows-x86_64 | 1.2.0 | 46.00 | 118.00 | 164.00 | NOTE | |
r-oldrel-macos-arm64 | 1.2.0 | NOTE | ||||
r-oldrel-macos-x86_64 | 1.2.0 | NOTE | ||||
r-oldrel-windows-ix86+x86_64 | 1.2.0 | 25.00 | 112.00 | 137.00 | NOTE |
Version: 1.2.0
Check: LazyData
Result: NOTE
'LazyData' is specified without a 'data' directory
Flavors: r-devel-linux-x86_64-debian-clang, r-devel-linux-x86_64-debian-gcc, r-devel-linux-x86_64-fedora-clang, r-devel-linux-x86_64-fedora-gcc, r-patched-linux-x86_64, r-release-linux-x86_64, r-release-macos-arm64, r-release-macos-x86_64, r-release-windows-x86_64, r-oldrel-macos-arm64, r-oldrel-macos-x86_64, r-oldrel-windows-ix86+x86_64