Last updated on 2022-04-24 03:52:39 CEST.
Flavor | Version | Tinstall | Tcheck | Ttotal | Status | Flags |
---|---|---|---|---|---|---|
r-devel-linux-x86_64-debian-clang | 0.2.3 | 18.13 | 171.51 | 189.64 | OK | |
r-devel-linux-x86_64-debian-gcc | 0.2.3 | 15.33 | 127.00 | 142.33 | OK | |
r-devel-linux-x86_64-fedora-clang | 0.2.3 | 230.62 | NOTE | |||
r-devel-linux-x86_64-fedora-gcc | 0.2.3 | 215.00 | NOTE | |||
r-patched-linux-x86_64 | 0.2.3 | 15.33 | 159.38 | 174.71 | OK | |
r-release-linux-x86_64 | 0.2.3 | 11.97 | 139.58 | 151.55 | OK | |
r-release-macos-arm64 | 0.2.3 | NOTE | ||||
r-release-macos-x86_64 | 0.2.3 | NOTE | ||||
r-release-windows-x86_64 | 0.2.3 | 48.00 | 191.00 | 239.00 | OK | |
r-oldrel-macos-arm64 | 0.2.3 | NOTE | ||||
r-oldrel-macos-x86_64 | 0.2.3 | NOTE | ||||
r-oldrel-windows-ix86+x86_64 | 0.2.3 | 44.00 | 152.00 | 196.00 | OK |
Version: 0.2.3
Check: dependencies in R code
Result: NOTE
Namespace in Imports field not imported from: ‘batchtools’
All declared Imports should be used.
Flavors: r-devel-linux-x86_64-fedora-clang, r-devel-linux-x86_64-fedora-gcc, r-release-macos-arm64, r-release-macos-x86_64, r-oldrel-macos-arm64, r-oldrel-macos-x86_64