Last updated on 2022-04-24 03:52:39 CEST.
Flavor | Version | Tinstall | Tcheck | Ttotal | Status | Flags |
---|---|---|---|---|---|---|
r-devel-linux-x86_64-debian-clang | 2.2.3 | 18.45 | 135.69 | 154.14 | OK | |
r-devel-linux-x86_64-debian-gcc | 2.2.3 | 13.32 | 100.96 | 114.28 | OK | |
r-devel-linux-x86_64-fedora-clang | 2.2.3 | 177.84 | NOTE | |||
r-devel-linux-x86_64-fedora-gcc | 2.2.3 | 161.65 | NOTE | |||
r-patched-linux-x86_64 | 2.2.3 | 15.39 | 127.74 | 143.13 | OK | |
r-release-linux-x86_64 | 2.2.3 | 12.69 | 118.40 | 131.09 | OK | |
r-release-macos-arm64 | 2.2.3 | NOTE | ||||
r-release-macos-x86_64 | 2.2.3 | NOTE | ||||
r-release-windows-x86_64 | 2.2.3 | 73.00 | 145.00 | 218.00 | OK | |
r-oldrel-macos-arm64 | 2.2.3 | NOTE | ||||
r-oldrel-macos-x86_64 | 2.2.3 | NOTE | ||||
r-oldrel-windows-ix86+x86_64 | 2.2.3 | 32.00 | 135.00 | 167.00 | OK |
Version: 2.2.3
Check: dependencies in R code
Result: NOTE
Namespace in Imports field not imported from: ‘ggridges’
All declared Imports should be used.
Flavors: r-devel-linux-x86_64-fedora-clang, r-devel-linux-x86_64-fedora-gcc, r-release-macos-arm64, r-release-macos-x86_64, r-oldrel-macos-arm64, r-oldrel-macos-x86_64