Last updated on 2022-04-24 03:52:39 CEST.
Flavor | Version | Tinstall | Tcheck | Ttotal | Status | Flags |
---|---|---|---|---|---|---|
r-devel-linux-x86_64-debian-clang | 0.1.2 | 45.93 | 643.27 | 689.20 | OK | |
r-devel-linux-x86_64-debian-gcc | 0.1.2 | 37.67 | 459.90 | 497.57 | OK | |
r-devel-linux-x86_64-fedora-clang | 0.1.2 | 814.79 | NOTE | |||
r-devel-linux-x86_64-fedora-gcc | 0.1.2 | 801.30 | NOTE | |||
r-patched-linux-x86_64 | 0.1.2 | 43.47 | 591.83 | 635.30 | OK | |
r-release-linux-x86_64 | 0.1.2 | 27.50 | 556.26 | 583.76 | OK | |
r-release-macos-arm64 | 0.1.2 | NOTE | ||||
r-release-macos-x86_64 | 0.1.2 | NOTE | ||||
r-release-windows-x86_64 | 0.1.2 | 106.00 | 662.00 | 768.00 | OK | |
r-oldrel-macos-arm64 | 0.1.2 | NOTE | ||||
r-oldrel-macos-x86_64 | 0.1.2 | NOTE | ||||
r-oldrel-windows-ix86+x86_64 | 0.1.2 | 88.00 | 692.00 | 780.00 | ERROR |
Version: 0.1.2
Check: dependencies in R code
Result: NOTE
Namespaces in Imports field not imported from:
‘lwgeom’ ‘rgeoda’
All declared Imports should be used.
Flavors: r-devel-linux-x86_64-fedora-clang, r-devel-linux-x86_64-fedora-gcc, r-release-macos-arm64, r-release-macos-x86_64, r-oldrel-macos-arm64, r-oldrel-macos-x86_64
Version: 0.1.2
Check: data for non-ASCII characters
Result: NOTE
Note: found 4 marked UTF-8 strings
Flavors: r-devel-linux-x86_64-fedora-clang, r-devel-linux-x86_64-fedora-gcc, r-release-macos-arm64, r-release-macos-x86_64, r-oldrel-macos-arm64, r-oldrel-macos-x86_64
Version: 0.1.2
Check: PDF version of manual
Result: WARN
LaTeX errors when creating PDF version.
This typically indicates Rd problems.
LaTeX errors found:
! Package inputenc Error: Unicode char â<c2><80><c2><90> (U+2010)
(inputenc) not set up for use with LaTeX.
See the inputenc package documentation for explanation.
Type H <return> for immediate help.
! Package inputenc Error: Unicode char â<c2><80><c2><90> (U+2010)
(inputenc) not set up for use with LaTeX.
See the inputenc package documentation for explanation.
Type H <return> for immediate help.
Flavor: r-oldrel-windows-ix86+x86_64
Version: 0.1.2
Check: PDF version of manual without hyperrefs or index
Result: ERROR
Flavor: r-oldrel-windows-ix86+x86_64