Last updated on 2022-04-24 03:52:39 CEST.
Flavor | Version | Tinstall | Tcheck | Ttotal | Status | Flags |
---|---|---|---|---|---|---|
r-devel-linux-x86_64-debian-clang | 0.99.1 | 89.46 | 218.14 | 307.60 | WARN | |
r-devel-linux-x86_64-debian-gcc | 0.99.1 | 67.41 | 158.06 | 225.47 | OK | |
r-devel-linux-x86_64-fedora-clang | 0.99.1 | 416.66 | WARN | |||
r-devel-linux-x86_64-fedora-gcc | 0.99.1 | 391.46 | OK | |||
r-patched-linux-x86_64 | 0.99.1 | 67.66 | 201.36 | 269.02 | OK | |
r-release-linux-x86_64 | 0.99.1 | 56.30 | 191.28 | 247.58 | OK | |
r-release-macos-arm64 | 0.99.1 | OK | ||||
r-release-macos-x86_64 | 0.99.1 | OK | ||||
r-release-windows-x86_64 | 0.99.1 | 79.00 | 251.00 | 330.00 | OK | |
r-oldrel-macos-arm64 | 0.99.1 | OK | ||||
r-oldrel-macos-x86_64 | 0.99.1 | OK | ||||
r-oldrel-windows-ix86+x86_64 | 0.99.1 | 203.00 | 316.00 | 519.00 | OK |
Version: 0.99.1
Check: whether package can be installed
Result: WARN
Found the following significant warnings:
update_t.cpp:14:9: warning: use of bitwise '&' with boolean operands [-Wbitwise-instead-of-logical]
Flavors: r-devel-linux-x86_64-debian-clang, r-devel-linux-x86_64-fedora-clang