Last updated on 2022-04-24 03:52:39 CEST.
Flavor | Version | Tinstall | Tcheck | Ttotal | Status | Flags |
---|---|---|---|---|---|---|
r-devel-linux-x86_64-debian-clang | 0.2.2 | 5.26 | 38.85 | 44.11 | OK | |
r-devel-linux-x86_64-debian-gcc | 0.2.2 | 3.84 | 29.52 | 33.36 | OK | |
r-devel-linux-x86_64-fedora-clang | 0.2.2 | 51.46 | NOTE | |||
r-devel-linux-x86_64-fedora-gcc | 0.2.2 | 39.69 | OK | |||
r-patched-linux-x86_64 | 0.2.2 | 4.18 | 36.41 | 40.59 | OK | |
r-release-linux-x86_64 | 0.2.2 | 3.70 | 35.68 | 39.38 | OK | |
r-release-macos-arm64 | 0.2.2 | OK | ||||
r-release-macos-x86_64 | 0.2.2 | OK | ||||
r-release-windows-x86_64 | 0.2.2 | 14.00 | 55.00 | 69.00 | OK | |
r-oldrel-macos-arm64 | 0.2.2 | OK | ||||
r-oldrel-macos-x86_64 | 0.2.2 | OK | ||||
r-oldrel-windows-ix86+x86_64 | 0.2.2 | 8.00 | 45.00 | 53.00 | OK |
Version: 0.2.2
Check: Rd cross-references
Result: NOTE
Undeclared package ‘shiny’ in Rd xrefs
Flavor: r-devel-linux-x86_64-fedora-clang