Last updated on 2022-04-24 03:52:39 CEST.
Flavor | Version | Tinstall | Tcheck | Ttotal | Status | Flags |
---|---|---|---|---|---|---|
r-devel-linux-x86_64-debian-clang | 1.0.2.0 | 47.15 | 416.79 | 463.94 | OK | |
r-devel-linux-x86_64-debian-gcc | 1.0.2.1 | 35.18 | 316.37 | 351.55 | OK | |
r-devel-linux-x86_64-fedora-clang | 1.0.2.1 | 307.37 | NOTE | |||
r-devel-linux-x86_64-fedora-gcc | 1.0.2.1 | 562.32 | NOTE | |||
r-patched-linux-x86_64 | 1.0.2.1 | 55.72 | 403.86 | 459.58 | OK | |
r-release-linux-x86_64 | 1.0.2.0 | 42.07 | 357.32 | 399.39 | OK | |
r-release-macos-arm64 | 1.0.2.0 | NOTE | ||||
r-release-macos-x86_64 | 1.0.2.0 | NOTE | ||||
r-release-windows-x86_64 | 1.0.2.0 | 48.00 | 396.00 | 444.00 | OK | |
r-oldrel-macos-arm64 | 1.0.2.0 | NOTE | ||||
r-oldrel-macos-x86_64 | 1.0.2.0 | NOTE | ||||
r-oldrel-windows-ix86+x86_64 | 1.0.2.1 | 91.00 | 393.00 | 484.00 | NOTE |
Version: 1.0.2.1
Check: installed package size
Result: NOTE
installed size is 6.6Mb
sub-directories of 1Mb or more:
doc 5.2Mb
Flavors: r-devel-linux-x86_64-fedora-clang, r-oldrel-windows-ix86+x86_64
Version: 1.0.2.1
Check: dependencies in R code
Result: NOTE
Namespaces in Imports field not imported from:
‘Rdpack’ ‘car’ ‘knitr’ ‘lmtest’ ‘rmarkdown’
All declared Imports should be used.
Flavors: r-devel-linux-x86_64-fedora-clang, r-devel-linux-x86_64-fedora-gcc
Version: 1.0.2.0
Check: dependencies in R code
Result: NOTE
Namespaces in Imports field not imported from:
‘Rdpack’ ‘car’ ‘knitr’ ‘lmtest’ ‘rmarkdown’
All declared Imports should be used.
Flavors: r-release-macos-arm64, r-release-macos-x86_64, r-oldrel-macos-arm64, r-oldrel-macos-x86_64