Last updated on 2022-04-24 03:52:39 CEST.
Flavor | Version | Tinstall | Tcheck | Ttotal | Status | Flags |
---|---|---|---|---|---|---|
r-devel-linux-x86_64-debian-clang | 5.3.0 | 29.91 | 569.71 | 599.62 | OK | |
r-devel-linux-x86_64-debian-gcc | 5.3.0 | 28.01 | 391.63 | 419.64 | OK | |
r-devel-linux-x86_64-fedora-clang | 5.3.0 | 663.71 | NOTE | |||
r-devel-linux-x86_64-fedora-gcc | 5.3.0 | 655.81 | OK | |||
r-patched-linux-x86_64 | 5.3.0 | 30.12 | 522.87 | 552.99 | OK | |
r-release-linux-x86_64 | 5.3.0 | 31.80 | 516.78 | 548.58 | OK | |
r-release-macos-arm64 | 5.3.0 | NOTE | ||||
r-release-macos-x86_64 | 5.3.0 | NOTE | ||||
r-release-windows-x86_64 | 5.3.0 | 71.00 | 315.00 | 386.00 | NOTE | --no-vignettes |
r-oldrel-macos-arm64 | 5.3.0 | NOTE | ||||
r-oldrel-macos-x86_64 | 5.3.0 | NOTE | ||||
r-oldrel-windows-ix86+x86_64 | 5.3.0 | 60.00 | 369.00 | 429.00 | NOTE | --no-vignettes |
Version: 5.3.0
Check: installed package size
Result: NOTE
installed size is 6.8Mb
sub-directories of 1Mb or more:
doc 5.3Mb
Flavors: r-devel-linux-x86_64-fedora-clang, r-release-macos-arm64, r-release-macos-x86_64, r-oldrel-macos-arm64, r-oldrel-macos-x86_64
Version: 5.3.0
Flags: --no-vignettes
Check: installed package size
Result: NOTE
installed size is 6.8Mb
sub-directories of 1Mb or more:
doc 5.3Mb
Flavors: r-release-windows-x86_64, r-oldrel-windows-ix86+x86_64