Last updated on 2022-04-24 03:52:39 CEST.
Flavor | Version | Tinstall | Tcheck | Ttotal | Status | Flags |
---|---|---|---|---|---|---|
r-devel-linux-x86_64-debian-clang | 2019.11-25 | 12.35 | 93.16 | 105.51 | NOTE | |
r-devel-linux-x86_64-debian-gcc | 2019.11-25 | 8.50 | 70.22 | 78.72 | NOTE | |
r-devel-linux-x86_64-fedora-clang | 2019.11-25 | 127.86 | NOTE | |||
r-devel-linux-x86_64-fedora-gcc | 2019.11-25 | 113.70 | NOTE | |||
r-patched-linux-x86_64 | 2019.11-25 | 10.65 | 90.87 | 101.52 | NOTE | |
r-release-linux-x86_64 | 2019.11-25 | 10.25 | 83.88 | 94.13 | NOTE | |
r-release-macos-arm64 | 2019.11-25 | NOTE | ||||
r-release-macos-x86_64 | 2019.11-25 | NOTE | ||||
r-release-windows-x86_64 | 2019.11-25 | 21.00 | 125.00 | 146.00 | NOTE | |
r-oldrel-macos-arm64 | 2019.11-25 | NOTE | ||||
r-oldrel-macos-x86_64 | 2019.11-25 | NOTE | ||||
r-oldrel-windows-ix86+x86_64 | 2019.11-25 | 26.00 | 138.00 | 164.00 | NOTE |
Version: 2019.11-25
Check: LazyData
Result: NOTE
'LazyData' is specified without a 'data' directory
Flavors: r-devel-linux-x86_64-debian-clang, r-devel-linux-x86_64-debian-gcc, r-devel-linux-x86_64-fedora-clang, r-devel-linux-x86_64-fedora-gcc, r-patched-linux-x86_64, r-release-linux-x86_64, r-release-macos-arm64, r-release-macos-x86_64, r-release-windows-x86_64, r-oldrel-macos-arm64, r-oldrel-macos-x86_64, r-oldrel-windows-ix86+x86_64