Last updated on 2022-04-24 03:52:39 CEST.
Flavor | Version | Tinstall | Tcheck | Ttotal | Status | Flags |
---|---|---|---|---|---|---|
r-devel-linux-x86_64-debian-clang | 1.0.0 | 8.54 | 129.97 | 138.51 | OK | |
r-devel-linux-x86_64-debian-gcc | 1.0.0 | 6.17 | 96.18 | 102.35 | OK | |
r-devel-linux-x86_64-fedora-clang | 1.0.0 | 161.17 | NOTE | |||
r-devel-linux-x86_64-fedora-gcc | 1.0.0 | 149.33 | NOTE | |||
r-patched-linux-x86_64 | 1.0.0 | 8.15 | 123.41 | 131.56 | OK | |
r-release-linux-x86_64 | 1.0.0 | 5.29 | 118.10 | 123.39 | OK | |
r-release-macos-arm64 | 1.0.0 | NOTE | ||||
r-release-macos-x86_64 | 1.0.0 | NOTE | ||||
r-release-windows-x86_64 | 1.0.0 | 32.00 | 160.00 | 192.00 | OK | |
r-oldrel-macos-arm64 | 1.0.0 | NOTE | ||||
r-oldrel-macos-x86_64 | 1.0.0 | NOTE | ||||
r-oldrel-windows-ix86+x86_64 | 1.0.0 | 17.00 | 143.00 | 160.00 | OK |
Version: 1.0.0
Check: dependencies in R code
Result: NOTE
Namespace in Imports field not imported from: ‘sp’
All declared Imports should be used.
Flavors: r-devel-linux-x86_64-fedora-clang, r-devel-linux-x86_64-fedora-gcc, r-release-macos-arm64, r-release-macos-x86_64, r-oldrel-macos-arm64, r-oldrel-macos-x86_64