Last updated on 2022-04-24 03:52:39 CEST.
Flavor | Version | Tinstall | Tcheck | Ttotal | Status | Flags |
---|---|---|---|---|---|---|
r-devel-linux-x86_64-debian-clang | 1.3-2 | 30.51 | 434.89 | 465.40 | OK | |
r-devel-linux-x86_64-debian-gcc | 1.3-2 | 25.84 | 323.02 | 348.86 | OK | |
r-devel-linux-x86_64-fedora-clang | 1.3-2 | 547.89 | NOTE | |||
r-devel-linux-x86_64-fedora-gcc | 1.3-2 | 524.76 | NOTE | |||
r-patched-linux-x86_64 | 1.3-2 | 28.11 | 416.52 | 444.63 | OK | |
r-release-linux-x86_64 | 1.3-2 | 27.27 | 377.76 | 405.03 | OK | |
r-release-macos-arm64 | 1.3-2 | NOTE | ||||
r-release-macos-x86_64 | 1.3-2 | NOTE | ||||
r-release-windows-x86_64 | 1.3-2 | 45.00 | 431.00 | 476.00 | OK | |
r-oldrel-macos-arm64 | 1.3-2 | NOTE | ||||
r-oldrel-macos-x86_64 | 1.3-2 | NOTE | ||||
r-oldrel-windows-ix86+x86_64 | 1.3-2 | 63.00 | 419.00 | 482.00 | OK |
Version: 1.3-2
Check: dependencies in R code
Result: NOTE
Namespace in Imports field not imported from: ‘sp’
All declared Imports should be used.
Flavors: r-devel-linux-x86_64-fedora-clang, r-devel-linux-x86_64-fedora-gcc, r-release-macos-arm64, r-release-macos-x86_64, r-oldrel-macos-arm64, r-oldrel-macos-x86_64