Last updated on 2022-04-24 03:52:39 CEST.
Flavor | Version | Tinstall | Tcheck | Ttotal | Status | Flags |
---|---|---|---|---|---|---|
r-devel-linux-x86_64-debian-clang | 1.2 | 3.61 | 54.68 | 58.29 | NOTE | |
r-devel-linux-x86_64-debian-gcc | 1.2 | 3.83 | 41.64 | 45.47 | NOTE | |
r-devel-linux-x86_64-fedora-clang | 1.2 | 72.37 | NOTE | |||
r-devel-linux-x86_64-fedora-gcc | 1.2 | 60.21 | NOTE | |||
r-patched-linux-x86_64 | 1.2 | 4.30 | 52.06 | 56.36 | NOTE | |
r-release-linux-x86_64 | 1.2 | 4.52 | 50.14 | 54.66 | NOTE | |
r-release-macos-arm64 | 1.2 | NOTE | ||||
r-release-macos-x86_64 | 1.2 | NOTE | ||||
r-release-windows-x86_64 | 1.2 | 23.00 | 82.00 | 105.00 | NOTE | |
r-oldrel-macos-arm64 | 1.2 | NOTE | ||||
r-oldrel-macos-x86_64 | 1.2 | NOTE | ||||
r-oldrel-windows-ix86+x86_64 | 1.2 | 10.00 | 67.00 | 77.00 | NOTE |
Version: 1.2
Check: DESCRIPTION meta-information
Result: NOTE
Malformed Title field: should not end in a period.
Flavors: r-devel-linux-x86_64-debian-clang, r-devel-linux-x86_64-debian-gcc, r-devel-linux-x86_64-fedora-clang, r-devel-linux-x86_64-fedora-gcc, r-patched-linux-x86_64, r-release-linux-x86_64, r-release-macos-arm64, r-release-macos-x86_64, r-release-windows-x86_64, r-oldrel-macos-arm64, r-oldrel-macos-x86_64, r-oldrel-windows-ix86+x86_64
Version: 1.2
Check: dependencies in R code
Result: NOTE
'library' or 'require' calls in package code:
'RJDBC' 'RMySQL' 'RODBC' 'RPostgreSQL' 'RSQLite' 'tcltk'
Please use :: or requireNamespace() instead.
See section 'Suggested packages' in the 'Writing R Extensions' manual.
Flavors: r-devel-linux-x86_64-debian-clang, r-devel-linux-x86_64-debian-gcc, r-devel-linux-x86_64-fedora-clang, r-devel-linux-x86_64-fedora-gcc, r-patched-linux-x86_64, r-release-linux-x86_64, r-release-macos-arm64, r-release-macos-x86_64, r-release-windows-x86_64, r-oldrel-macos-arm64, r-oldrel-macos-x86_64, r-oldrel-windows-ix86+x86_64
Version: 1.2
Check: R code for possible problems
Result: NOTE
cacheQuery: no visible global function definition for 'read.csv'
cacheQuery: no visible global function definition for 'write.csv'
Undefined global functions or variables:
read.csv write.csv
Consider adding
importFrom("utils", "read.csv", "write.csv")
to your NAMESPACE file.
Flavors: r-devel-linux-x86_64-debian-clang, r-devel-linux-x86_64-debian-gcc, r-devel-linux-x86_64-fedora-clang, r-devel-linux-x86_64-fedora-gcc, r-patched-linux-x86_64, r-release-linux-x86_64, r-release-macos-arm64, r-release-macos-x86_64, r-release-windows-x86_64, r-oldrel-macos-arm64, r-oldrel-macos-x86_64, r-oldrel-windows-ix86+x86_64
Version: 1.2
Check: package dependencies
Result: NOTE
Package which this enhances but not available for checking: ‘RODBC’
Flavors: r-release-macos-arm64, r-oldrel-macos-arm64