Last updated on 2022-04-24 03:52:39 CEST.
Flavor | Version | Tinstall | Tcheck | Ttotal | Status | Flags |
---|---|---|---|---|---|---|
r-devel-linux-x86_64-debian-clang | 0.2.1 | 4.36 | 51.39 | 55.75 | OK | |
r-devel-linux-x86_64-debian-gcc | 0.2.1 | 4.12 | 37.61 | 41.73 | OK | |
r-devel-linux-x86_64-fedora-clang | 0.2.1 | 70.74 | NOTE | |||
r-devel-linux-x86_64-fedora-gcc | 0.2.1 | 52.84 | NOTE | |||
r-patched-linux-x86_64 | 0.2.1 | 5.62 | 47.60 | 53.22 | OK | |
r-release-linux-x86_64 | 0.2.1 | 4.09 | 45.79 | 49.88 | OK | |
r-release-macos-arm64 | 0.2.1 | NOTE | ||||
r-release-macos-x86_64 | 0.2.1 | NOTE | ||||
r-release-windows-x86_64 | 0.2.1 | 186.00 | 66.00 | 252.00 | NOTE | |
r-oldrel-macos-arm64 | 0.2.1 | NOTE | ||||
r-oldrel-macos-x86_64 | 0.2.1 | NOTE | ||||
r-oldrel-windows-ix86+x86_64 | 0.2.1 | 11.00 | 56.00 | 67.00 | NOTE |
Version: 0.2.1
Check: installed package size
Result: NOTE
installed size is 5.8Mb
sub-directories of 1Mb or more:
shiny-squid 5.6Mb
Flavors: r-devel-linux-x86_64-fedora-clang, r-release-macos-arm64, r-release-macos-x86_64, r-release-windows-x86_64, r-oldrel-macos-arm64, r-oldrel-macos-x86_64, r-oldrel-windows-ix86+x86_64
Version: 0.2.1
Check: dependencies in R code
Result: NOTE
Namespaces in Imports field not imported from:
‘arm’ ‘brms’ ‘lme4’ ‘plotly’ ‘shinyMatrix’
All declared Imports should be used.
Flavors: r-devel-linux-x86_64-fedora-clang, r-devel-linux-x86_64-fedora-gcc, r-release-macos-arm64, r-release-macos-x86_64, r-oldrel-macos-arm64, r-oldrel-macos-x86_64