Last updated on 2022-04-24 03:52:39 CEST.
Flavor | Version | Tinstall | Tcheck | Ttotal | Status | Flags |
---|---|---|---|---|---|---|
r-devel-linux-x86_64-debian-clang | 0.3-6 | 102.38 | 67.26 | 169.64 | WARN | |
r-devel-linux-x86_64-debian-gcc | 0.3-6 | 70.01 | 50.47 | 120.48 | OK | |
r-devel-linux-x86_64-fedora-clang | 0.3-6 | 242.30 | WARN | |||
r-devel-linux-x86_64-fedora-gcc | 0.3-6 | 195.48 | OK | |||
r-patched-linux-x86_64 | 0.3-6 | 83.26 | 65.62 | 148.88 | OK | |
r-release-linux-x86_64 | 0.3-6 | 86.75 | 62.99 | 149.74 | OK | |
r-release-macos-arm64 | 0.3-6 | OK | ||||
r-release-macos-x86_64 | 0.3-6 | OK | ||||
r-release-windows-x86_64 | 0.3-6 | 102.00 | 100.00 | 202.00 | OK | |
r-oldrel-macos-arm64 | 0.3-6 | OK | ||||
r-oldrel-macos-x86_64 | 0.3-6 | OK | ||||
r-oldrel-windows-ix86+x86_64 | 0.3-6 | 228.00 | 105.00 | 333.00 | OK |
Version: 0.3-6
Check: whether package can be installed
Result: WARN
Found the following significant warnings:
SRM_RCPP_SRM_ARBSRM.cpp:83:18: warning: use of bitwise '|' with boolean operands [-Wbitwise-instead-of-logical]
SRM_RCPP_SRM_ARBSRM.cpp:90:18: warning: use of bitwise '|' with boolean operands [-Wbitwise-instead-of-logical]
SRM_RCPP_SRM_ARBSRM.cpp:189:17: warning: use of bitwise '|' with boolean operands [-Wbitwise-instead-of-logical]
SRM_RCPP_SRM_ARBSRM.cpp:190:21: warning: use of bitwise '&' with boolean operands [-Wbitwise-instead-of-logical]
SRM_RCPP_SRM_ARBSRM.cpp:230:17: warning: use of bitwise '&' with boolean operands [-Wbitwise-instead-of-logical]
SRM_RCPP_SRM_ARBSRM.cpp:231:21: warning: use of bitwise '&' with boolean operands [-Wbitwise-instead-of-logical]
SRM_RCPP_SRM_ARBSRM.cpp:235:21: warning: use of bitwise '&' with boolean operands [-Wbitwise-instead-of-logical]
SRM_RCPP_SRM_ARBSRM.cpp:238:21: warning: use of bitwise '&' with boolean operands [-Wbitwise-instead-of-logical]
Flavors: r-devel-linux-x86_64-debian-clang, r-devel-linux-x86_64-fedora-clang