Last updated on 2022-04-24 03:52:39 CEST.
Flavor | Version | Tinstall | Tcheck | Ttotal | Status | Flags |
---|---|---|---|---|---|---|
r-devel-linux-x86_64-debian-clang | 1.0.3 | 20.05 | 204.56 | 224.61 | OK | |
r-devel-linux-x86_64-debian-gcc | 1.0.3 | 15.80 | 148.59 | 164.39 | OK | |
r-devel-linux-x86_64-fedora-clang | 1.0.3 | 277.91 | NOTE | |||
r-devel-linux-x86_64-fedora-gcc | 1.0.3 | 246.53 | OK | |||
r-patched-linux-x86_64 | 1.0.3 | 21.54 | 192.09 | 213.63 | OK | |
r-release-linux-x86_64 | 1.0.3 | 16.98 | 174.20 | 191.18 | OK | |
r-release-macos-arm64 | 1.0.3 | OK | ||||
r-release-macos-x86_64 | 1.0.3 | OK | ||||
r-release-windows-x86_64 | 1.0.3 | 55.00 | 245.00 | 300.00 | OK | |
r-oldrel-macos-arm64 | 1.0.3 | OK | ||||
r-oldrel-macos-x86_64 | 1.0.3 | OK | ||||
r-oldrel-windows-ix86+x86_64 | 1.0.3 | 39.00 | 208.00 | 247.00 | OK |
Version: 1.0.3
Check: Rd cross-references
Result: NOTE
Undeclared package ‘plyr’ in Rd xrefs
Flavor: r-devel-linux-x86_64-fedora-clang