Last updated on 2022-04-24 03:52:39 CEST.
Flavor | Version | Tinstall | Tcheck | Ttotal | Status | Flags |
---|---|---|---|---|---|---|
r-devel-linux-x86_64-debian-clang | 1.1.5 | 509.56 | 128.10 | 637.66 | NOTE | |
r-devel-linux-x86_64-debian-gcc | 1.1.5 | 438.53 | 112.41 | 550.94 | NOTE | |
r-devel-linux-x86_64-fedora-clang | 1.1.5 | 935.76 | NOTE | |||
r-devel-linux-x86_64-fedora-gcc | 1.1.5 | 906.64 | NOTE | |||
r-patched-linux-x86_64 | 1.1.5 | 414.45 | 147.45 | 561.90 | NOTE | |
r-release-linux-x86_64 | 1.1.5 | 416.07 | 135.81 | 551.88 | NOTE | |
r-release-macos-arm64 | 1.1.5 | NOTE | ||||
r-release-macos-x86_64 | 1.1.5 | NOTE | ||||
r-release-windows-x86_64 | 1.1.5 | 322.00 | 209.00 | 531.00 | NOTE | |
r-oldrel-macos-arm64 | 1.1.5 | NOTE | ||||
r-oldrel-macos-x86_64 | 1.1.5 | NOTE | ||||
r-oldrel-windows-ix86+x86_64 | 1.1.5 | 374.00 | 11.00 | 385.00 | ERROR |
Version: 1.1.5
Check: for GNU extensions in Makefiles
Result: NOTE
GNU make is a SystemRequirements.
Flavors: r-devel-linux-x86_64-debian-clang, r-devel-linux-x86_64-debian-gcc, r-devel-linux-x86_64-fedora-clang, r-devel-linux-x86_64-fedora-gcc, r-patched-linux-x86_64, r-release-linux-x86_64, r-release-macos-arm64, r-release-macos-x86_64, r-release-windows-x86_64, r-oldrel-macos-arm64, r-oldrel-macos-x86_64
Version: 1.1.5
Check: installed package size
Result: NOTE
installed size is 59.6Mb
sub-directories of 1Mb or more:
libs 59.2Mb
Flavors: r-devel-linux-x86_64-fedora-clang, r-release-macos-arm64, r-release-macos-x86_64, r-oldrel-macos-arm64, r-oldrel-macos-x86_64
Version: 1.1.5
Check: whether package can be installed
Result: ERROR
Installation failed.
Flavor: r-oldrel-windows-ix86+x86_64