Last updated on 2022-04-24 03:52:39 CEST.
Flavor | Version | Tinstall | Tcheck | Ttotal | Status | Flags |
---|---|---|---|---|---|---|
r-devel-linux-x86_64-debian-clang | 0.3 | 1.56 | 33.57 | 35.13 | NOTE | |
r-devel-linux-x86_64-debian-gcc | 0.3 | 1.75 | 25.70 | 27.45 | NOTE | |
r-devel-linux-x86_64-fedora-clang | 0.3 | 44.54 | NOTE | |||
r-devel-linux-x86_64-fedora-gcc | 0.3 | 33.43 | NOTE | |||
r-patched-linux-x86_64 | 0.3 | 1.79 | 33.95 | 35.74 | NOTE | |
r-release-linux-x86_64 | 0.3 | 1.66 | 30.72 | 32.38 | NOTE | |
r-release-macos-arm64 | 0.3 | NOTE | ||||
r-release-macos-x86_64 | 0.3 | NOTE | ||||
r-release-windows-x86_64 | 0.3 | 11.00 | 48.00 | 59.00 | NOTE | |
r-oldrel-macos-arm64 | 0.3 | NOTE | ||||
r-oldrel-macos-x86_64 | 0.3 | NOTE | ||||
r-oldrel-windows-ix86+x86_64 | 0.3 | 4.00 | 27.00 | 31.00 | NOTE |
Version: 0.3
Check: R code for possible problems
Result: NOTE
ssd : correction_method_D: no visible global function definition for
'rnorm'
ssd : generate_bootstrap: no visible global function definition for
'rmultinom'
ssd : bootstrap_method: no visible global function definition for
'median'
ssd : bootstrap_method: no visible global function definition for
'quantile'
ssd : unbalanced_generate_bootstrap: no visible global function
definition for 'rmultinom'
ssd : unbalanced_bootstrap_method: no visible global function
definition for 'median'
ssd : unbalanced_bootstrap_method: no visible global function
definition for 'quantile'
ssd: no visible global function definition for 'qchisq'
Undefined global functions or variables:
median qchisq quantile rmultinom rnorm
Consider adding
importFrom("stats", "median", "qchisq", "quantile", "rmultinom",
"rnorm")
to your NAMESPACE file.
Flavors: r-devel-linux-x86_64-debian-clang, r-devel-linux-x86_64-debian-gcc, r-devel-linux-x86_64-fedora-clang, r-devel-linux-x86_64-fedora-gcc, r-patched-linux-x86_64, r-release-linux-x86_64, r-release-macos-arm64, r-release-macos-x86_64, r-release-windows-x86_64, r-oldrel-macos-arm64, r-oldrel-macos-x86_64, r-oldrel-windows-ix86+x86_64